er when t is divided by c?
12
Calculate the remainder when 66 is divided by 26 - 3 - (-7 + 7).
20
Let t = -24 + 26. Calculate the remainder when 3 is divided by t.
1
Let u = -377 - -384. Let a(p) = 21*p**2 - 1. Suppose -3*j + 2*v + 23 = -2*v, -13 = -3*j + 2*v. What is the remainder when a(j) is divided by u?
6
Suppose 12*j - 7*j = -70. Let c = j - -27. What is the remainder when c is divided by 4?
1
Let k = 13 - -35. Calculate the remainder when k is divided by 26.
22
Let v(i) = -2*i**2 - 10*i - 6. Let h be v(-6). Let c = 7 - h. Calculate the remainder when c is divided by (-1)/(-1 + 24/27).
7
Suppose -25*w + 140 = -30*w. Let i = 75 + w. Calculate the remainder when i is divided by 10.
7
Suppose 0 = -7*j + 2*j + 3*t + 585, -357 = -3*j + 3*t. Calculate the remainder when j is divided by 39.
36
Let d(o) = o**3 + 10*o**2 - 9*o + 4. Let y be d(-11). Calculate the remainder when 43 is divided by (30/18)/((-2)/y).
13
Let l(g) = -g - 1. Let z(c) = 5*c**3 + c**2 - 3*c - 3. Let u(o) = 2*l(o) - z(o). What is the remainder when 4/(-3)*18/(-4) is divided by u(-1)?
2
Let f(l) = l + 5. Let q be f(-5). Let g = 19 + -13. Suppose q = 3*v - g*v + 69. Calculate the remainder when v is divided by 12.
11
Calculate the remainder when 857/9 + 4/(-18) is divided by 24.
23
Let m = -314 - -508. What is the remainder when m is divided by 49?
47
Let i(v) = -14*v**3 - 3*v**2 - 6*v - 17. Let n(a) = -9*a**3 - 2*a**2 - 4*a - 11. Let y(d) = -5*i(d) + 8*n(d). What is the remainder when 36 is divided by y(-2)?
10
Suppose 8*g + 14 - 94 = 0. Let p = 10 - 6. Suppose -9 = -p*w + w. Calculate the remainder when g is divided by w.
1
Suppose -f + 150 = 4*f. Let g(b) = b**3 + 10*b**2 + 6*b - 11. What is the remainder when f is divided by g(-9)?
14
Let l be 6/(-2 + 2*2). Suppose 2*h + 3*c = l, -3*h + 14 = 3*c + 2. Suppose -3*m - 3*p - p = -55, -5*p + 73 = 4*m. What is the remainder when m is divided by h?
8
Let t = -3 - -4. Let r = t + -2. Calculate the remainder when (r + 7)/(1 + 0) is divided by 4.
2
Suppose -3*a = -y + 29, 5*y + 3*a - 113 + 40 = 0. Calculate the remainder when 32 is divided by y.
15
Let c = -1 - -11. What is the remainder when 35 is divided by c?
5
What is the remainder when (24/16)/(231/(-240) - -1) is divided by 12?
4
Let w(i) = 3*i - 10. Calculate the remainder when 42 is divided by w(7).
9
Let c(u) = 6*u**3 - u**2 + u - 1. Suppose -j + 6*t + 11 = t, 0 = 5*j + 4*t + 3. Let d be c(j). What is the remainder when 18 is divided by d/(50/4)*25?
8
Suppose 0 = -n - 2*n - 2*o - 13, n + 3*o = -2. Let j = n - 105. Calculate the remainder when j/(-1)*4/10 is divided by 15.
14
Let f(m) = m**3 + 7*m**2 - 9*m + 6. Let j(h) = h**2 - 5*h + 4. Let u = 10 + -3. Calculate the remainder when f(-7) is divided by j(u).
15
Let t(z) = 16*z**2 - z + 1. What is the remainder when t(-1) is divided by 10?
8
Let v be (-1)/4 + (-59)/4. Let u = 51 + v. Suppose x = -a + 5*x + u, -3*x = 5*a - 65. What is the remainder when 30 is divided by a?
14
Let h = -3 - -6. Suppose 3*r = 2*k - 5, k - h*r - 9 = -8*r. Suppose -4 = -3*i + 2. Calculate the remainder when k is divided by i.
0
Let w(a) = a**3 - 11*a**2 + 3*a. Let p be w(7). Let o = 278 + p. What is the remainder when o is divided by 26?
25
Let r(g) = 3*g - 7. Let x = -5 - -11. What is the remainder when 20 is divided by r(x)?
9
Let f(g) = 2*g + 162*g**2 + 1 - 6*g + 2*g. Let u be f(1). Suppose 4*s - v - u = s, -2*v - 110 = -2*s. What is the remainder when s is divided by 18?
17
Suppose 0*k - 3*k + 21 = 0. What is the remainder when 25 is divided by k?
4
Let m = -12 - -14. What is the remainder when 13 is divided by -8*1/m*-1?
1
Suppose -5 - 4 = -3*w. Suppose w*u = 5*g + 272, u + g = 6*u - 424. What is the remainder when u/7*10/3 is divided by 14?
12
Let j(q) = -3*q - 2. Let x be j(-2). Suppose -5*u - x*p = p + 100, 3*p = -12. Let b = 0 - u. What is the remainder when 63 is divided by b?
15
Suppose -v - 364 = -6*v + 3*a, v = 2*a + 70. Calculate the remainder when v is divided by 25.
24
Suppose 0 = 3*t - 4*j - 221, -5*j + 120 - 343 = -3*t. What is the remainder when t is divided by 15?
11
Suppose -3*b + 0*i = 4*i - 85, -62 = -2*b - 4*i. What is the remainder when b is divided by 6?
5
Suppose -s = -6*s + 55. Let f = s - 4. Let r(o) = 2*o**2 - 2*o - 4. What is the remainder when r(4) is divided by f?
6
Let w(c) = 2*c**2 - 4*c - 19. Calculate the remainder when w(10) is divided by 36.
33
Suppose -2*j + 4*q + 14 = 0, -q + 3 - 2 = 4*j. Let u be (8/2)/(3/3). Suppose 0*f - u*f = -4. Calculate the remainder when f is divided by j.
0
Suppose 0 = h - 4, 2*i = 6*i - 3*h - 124. Suppose -3*b = -4*o - 56, 0*b + o = 3*b - 41. Calculate the remainder when i is divided by b.
10
Let x(f) = 3*f + 4. Let s = 6 + -3. Calculate the remainder when x(4) is divided by ((-2)/4)/(s/(-54)).
7
What is the remainder when 3 + (4/(-10) - 582/(-30)) is divided by ((-1 + 9)*1)/1?
6
Let t(j) = -j**2 + 27*j - 42. What is the remainder when 21 is divided by t(25)?
5
Suppose 24 = 6*l - 2*l. Let c(i) = -6*i**3 - i**2 + i + 2. Let q be c(-2). Suppose -3*v + q = v. What is the remainder when v is divided by l?
5
Suppose -2*t + 4*c = t - 19, 4*c = -3*t + 35. Suppose t = 3*o + m - 1, 3*o = -2*m + 5. Let k = o + 9. What is the remainder when 26 is divided by k?
12
Suppose 15*t - 1 = 16*t. Let x = 1 - -10. What is the remainder when (2 + t)*(2 + x) is divided by 5?
3
Suppose 15 = 3*h - 0*h, -3*k + 2*h + 89 = 0. Suppose -4*v + 4*u + 36 = 0, -3*v + 27 = -u + 4*u. What is the remainder when k is divided by v?
6
Let y = -32 + 40. What is the remainder when y is divided by 6?
2
Suppose 224 = 5*m - 2*u, -4*u + 23 = 2*m - 57. Calculate the remainder when m is divided by 16.
12
Let b(u) = -u**3 - 4*u**2 - 4*u - 4. Let a(p) = 2*p. Let m = -7 - -5. Let v be a(m). Calculate the remainder when 34 is divided by b(v).
10
Calculate the remainder when (-17)/(-1) - (12 + -12) is divided by 4.
1
Suppose 4*d - 49 = 2*w + 3*w, 5*d = 4*w + 50. What is the remainder when 10 is divided by d?
4
Suppose s - 3 = -0*s. What is the remainder when (-1)/(-2)*-2 - -8 is divided by s?
1
Suppose 2*i - 74 = -4*b, -2*b - 2*i + 34 = 2*i. Suppose 59*p - 180 = 54*p. Calculate the remainder when p is divided by b.
17
Let t(b) = b + 78. What is the remainder when t(23) is divided by 51?
50
Let x = 10 - 5. Let w = -3 + x. Suppose 0 = -n + w. What is the remainder when n is divided by 1?
0
Let z = -15 + 2. Let r = z + 25. Suppose 3*u - r = 0, j + 0*u - 2*u - 26 = 0. What is the remainder when j is divided by 9?
7
Suppose 0 = 3*l - 10 - 23. Suppose 2*w - 21 = w. What is the remainder when w is divided by l?
10
Suppose -2*l + m + 9 = -0*l, -2*l = m - 19. Let b(r) = -14*r - 6. Let u be b(l). Let f = 156 + u. Calculate the remainder when f is divided by 18.
16
Calculate the remainder when (-6)/9 + 5/3 is divided by 12/9 + (-1)/3.
0
Suppose f = -0*f + 2. Suppose f*h + 57 = -47. Let p = -24 - h. Calculate the remainder when p is divided by 10.
8
Suppose -221 = -6*c + 289. Suppose -11 - 11 = -t. What is the remainder when c is divided by t?
19
Let x(l) = -l**3 + 40*l**2 + 39*l + 95. Calculate the remainder when -93*((-4)/(-3) - 2) is divided by x(41).
10
Suppose 2*w + 8 = -2*w. Let h(n) = n**2 + 3*n - 2. Let k be h(-4). What is the remainder when (w + -199)/(-3) - k is divided by 22?
21
Calculate the remainder when -5*3/6*-54 is divided by 34.
33
Suppose -2*o = 0, k = 3*k - 5*o - 6. Calculate the remainder when k is divided by 0 + 4 + (-1 - 0).
0
Let z(r) = r**2 + 3*r + 1. Let x(u) = u**3 - 6*u**2 - 2*u + 7. Let c be x(6). What is the remainder when (c/10)/((-2)/84) is divided by z(-5)?
10
Suppose -o + 7 + 10 = 0. Let w be 2/4*-2 + 6. Let g = 44 + w. Calculate the remainder when g is divided by o.
15
Let l = -5 - -7. What is the remainder when 14 is divided by ((-2)/l)/((-3)/15)?
4
Suppose -24 = -2*t + 5*a + 59, -5*a + 190 = 5*t. Calculate the remainder when t is divided by 21.
18
Suppose 4*s = -2*v - 3 + 1, 4*v - 4*s = 20. Let q(d) = 3*d - 2*d + 5*d + 2 + d**2 - v*d. Calculate the remainder when q(-5) is divided by 7.
5
Let i be 65/(4 - 0 - 3). Suppose i = -0*v + 5*v. Calculate the remainder when 50 is divided by v.
11
Suppose 2*g = -12 + 22. Calculate the remainder when 13 is divided by g.
3
Let h = 13 - 6. Let y(l) = -l + 12. Let x(a)